ue
Is 3406442 a multiple of 60?
False
Is 16 a factor of 7611984?
True
Is 486984 a multiple of 73?
False
Does 17 divide 676479?
False
Does 329 divide 181937?
True
Is 223260 a multiple of 60?
True
Does 221 divide 18856604?
True
Is 17654 a multiple of 4?
False
Is 24236 a multiple of 2?
True
Is 8034142 a multiple of 399?
False
Is 22 a factor of 500654?
True
Is 18 a factor of 10632?
False
Is 6 a factor of 75372?
True
Does 913 divide 209077?
True
Does 5 divide 33073?
False
Is 176526 a multiple of 18?
True
Does 150 divide 9450?
True
Is 25 a factor of 58013?
False
Is 19818 a multiple of 5?
False
Is 130 a factor of 1184964?
False
Is 261883 a multiple of 257?
True
Is 664372 a multiple of 134?
True
Does 12 divide 265633?
False
Is 8 a factor of 10997744?
True
Is 535380 a multiple of 95?
False
Does 7 divide 96180?
True
Is 39 a factor of 1025984?
False
Does 361 divide 3341416?
True
Is 766880 a multiple of 3?
False
Is 122265 a multiple of 15?
True
Is 1433070 a multiple of 18?
True
Is 24316 a multiple of 64?
False
Is 138 a factor of 9197744?
False
Is 97 a factor of 6847133?
True
Is 1299420 a multiple of 15?
True
Is 46 a factor of 2944?
True
Is 92 a factor of 19155?
False
Does 348 divide 20363916?
True
Is 2 a factor of 8763?
False
Is 79913 a multiple of 3?
False
Is 10 a factor of 1101830?
True
Is 104516 a multiple of 212?
True
Does 12 divide 14143281?
False
Is 141111 a multiple of 27?
False
Is 523612 a multiple of 2?
True
Is 14 a factor of 5524220?
False
Does 24 divide 9688448?
False
Is 56 a factor of 552776?
True
Does 29 divide 69136?
True
Is 1900855 a multiple of 61?
False
Is 45769 a multiple of 2?
False
Is 3226333 a multiple of 11?
True
Is 490460 a multiple of 49?
False
Is 368 a factor of 3095371?
False
Is 3646840 a multiple of 68?
True
Is 64 a factor of 67588?
False
Is 316272 a multiple of 24?
True
Does 530 divide 557386?
False
Is 189 a factor of 4257645?
False
Is 31 a factor of 3632901?
False
Is 803072 a multiple of 8?
True
Is 5079525 a multiple of 165?
True
Is 73 a factor of 3574445?
True
Is 24 a factor of 13036176?
True
Does 101 divide 2020?
True
Is 54093 a multiple of 223?
False
Is 10 a factor of 795030?
True
Is 30 a factor of 374270?
False
Does 12 divide 6999600?
True
Is 7 a factor of 367790?
False
Is 957 even?
False
Does 644 divide 4765600?
True
Is 68 a factor of 38691028?
False
Is 308629 a multiple of 59?
True
Is 205656 a multiple of 246?
True
Does 176 divide 552112?
True
Is 40451 a multiple of 25?
False
Does 31 divide 550901?
True
Is 88332 a multiple of 93?
False
Does 43 divide 2577643?
False
Does 18 divide 941331?
False
Is 140 a factor of 116340?
True
Is 503916 a multiple of 630?
False
Does 64 divide 69504?
True
Does 165 divide 1853008?
False
Is 75 a factor of 343350?
True
Is 4 a factor of 1656444?
True
Is 522750 a multiple of 51?
True
Is 11 a factor of 61853?
True
Does 36 divide 109476?
True
Is 166424 a multiple of 142?
True
Is 3925623 a multiple of 191?
True
Does 855 divide 1545261?
False
Is 167751 a multiple of 81?
True
Is 3 a factor of 273309?
True
Is 188 a factor of 1577696?
True
Is 22 a factor of 90464?
True
Is 11 a factor of 1743049?
True
Is 4 a factor of 1160750?
False
Is 5 a factor of 4370?
True
Is 124 a factor of 15301476?
True
Is 18 a factor of 166608?
True
Is 31930 a multiple of 31?
True
Is 9 a factor of 159556?
False
Is 81915 a multiple of 456?
False
Is 19 a factor of 449141?
True
Is 4245969 a multiple of 1339?
True
Is 14 a factor of 358005?
False
Does 13 divide 26988?
True
Is 3 a factor of 78242?
False
Is 474715 a multiple of 361?
True
Is 526 a factor of 203036?
True
Is 54 a factor of 1737986?
False
Is 25 a factor of 11699593?
False
Does 6 divide 745711?
False
Does 72 divide 2425971?
False
Is 50232 a multiple of 23?
True
Is 859560 a multiple of 24?
True
Is 224510 a multiple of 110?
True
Does 19 divide 470991?
True
Is 201536 a multiple of 47?
True
Is 12 a factor of 261600?
True
Is 91558 a multiple of 32?
False
Does 84 divide 2350292?
False
Does 10 divide 119650?
True
Does 20 divide 2448892?
False
Is 2005572 a multiple of 53?
False
Is 207 a factor of 122604?
False
Is 63 a factor of 9576?
True
Is 14 a factor of 6964678?
True
Does 55 divide 954855?
True
Is 26 a factor of 275485?
False
Does 66 divide 194304?
True
Is 346 a factor of 501354?
True
Does 30 divide 220740?
True
Is 11637214 a multiple of 31?
True
Does 112 divide 787112?
False
Is 484000 a multiple of 87?
False
Is 4153474 a multiple of 108?
False
Is 212952 a multiple of 57?
True
Is 2861181 a multiple of 257?
True
Is 60 a factor of 1111440?
True
Does 26 divide 13822?
False
Is 11 a factor of 195001?
False
Is 99 a factor of 614988?
True
Does 21 divide 5395488?
True
Is 65 a factor of 390975?
True
Is 5178450 a multiple of 95?
True
Does 29 divide 217505?
False
Does 39 divide 3587940?
False
Is 17 a factor of 2054169?
False
Is 14 a factor of 839370?
True
Is 4 a factor of 17285?
False
Does 28 divide 1474844?
True
Does 17 divide 73576?
True
Is 34 a factor of 2003654?
True
Is 42 a factor of 153803?
False
Is 15 a factor of 1985263?
False
Does 72 divide 885284?
False
Does 15 divide 285375?
True
Is 365 a factor of 732555?
True
Is 1094400 a multiple of 28?
False
Does 5 divide 727360?
True
Does 22 divide 2208953?
False
Is 212 a factor of 13356?
True
Is 312 a factor of 1748884?
False
Is 59206 a multiple of 85?
False
Is 8 a factor of 63272?
True
Is 242107 a multiple of 2?
False
Is 6578214 a multiple of 16?
False
Does 22 divide 45210?
True
Is 9 a factor of 8118975?
False
Is 2728 a multiple of 15?
False
Is 231476 a multiple of 4?
True
Does 44 divide 384122?
False
Is 769861 a multiple of 19?
True
Does 9 divide 107660?
False
Is 8799660 a multiple of 15?
True
Is 4259154 a multiple of 347?
False
Does 26 divide 1592344?
True
Does 71 divide 759713?
False
Does 8 divide 9715?
False
Is 38 a factor of 7315836?
True
Is 316 a factor of 2120795?
False
Is 24 a factor of 8263588?
False
Does 10 divide 5922?
False
Does 247 divide 704938?
True
Is 233 a factor of 1178281?
True
Is 265220 a multiple of 354?
False
Does 187 divide 197472?
True
Is 62 a factor of 298468?
True
Is 146 a factor of 3304527?
False
Is 4 a factor of 415200?
True
Is 217 a factor of 227199?
True
Is 6 a factor of 773798?
False
Does 91 divide 845845?
True
Does 265 divide 24023?
False
Is 3 a factor of 2102336?
False
Is 141 a factor of 169753?
False
Does 59 divide 471469?
True
Does 450 divide 8582850?
True
Does 28 divide 1121719?
False
Does 107 divide 15756?
False
Is 157 a factor of 6907843?
True
Is 117 a factor of 1422?
False
Is 2092581 a multiple of 97?
True
Does 105 divide 72240?
True
Is 11535 a multiple of 6?
False
Is 8625078 a multiple of 381?
True
Is 77 a factor of 41736?
False
Is 23 a factor of 10379187?
True
Is 8440104 a multiple of 996?
True
Is 17 a factor of 6474909?
True
Is 301 a factor of 82173?
True
Does 436 divide 763436?
True
Is 623210 a multiple of 406?
True
Is 11 a factor of 37406?
False
Does 5 divide 1919845?
True
Does 30 divide 1813085?
False
Is 213179 a multiple of 60?
False
Does 82 divide 504817?
False
Does 241 divide 112065?
True
Is 63 a factor of 2212559?
False
Is 496726 a multiple of 614?
True
Does 5 divide 39035?
True
Does 10 divide 177310?
True
Does 68 divide 605744?
True
Is 7 a factor of 829971?
False
Is 155 a factor of 380775?
False
Is 515225 a multiple of 557?
True
Is 2024204 a multiple of 581?
True
Is 798517 a multiple of 30?
False
Does 131 divide 1129744?
True
Is 378564 a multiple of 184?
False
Is 32 a factor of 4454560?
True
Is 13 a factor of 1544296?
True
Is 371764 a multiple of 8?
False
Does 105 divide 511444?
False
Is 365540 a multiple of 196?
True
Is 1810380 a multiple of 65?
True
Is 96 a factor of 16800?
True
Does 165 divide 4125?
True
Is 152376 a multiple of 21?
True
Does 971 divide 6967500?
False
Is 4167671 a multiple of 31?
True
Is 1606908 a multiple of 17?
True
Is 1212117 a multiple of 3?
True
Is 310 a factor of 1671520?
True
Does 50 divide 364824?
False
Is 2 a factor of 141224?
True
Does 18 divide 236124?
True
Is 192816 a multiple of 52?
True
Does 18 divide 40806?
True
Does 55 divide 164174?
False
Is 9 a factor of 27800?
False
Is 84 a factor of 222684?
True
Does 23 divide 105628?
False
Is 542281 a multiple of 12?
False
Is 78972 a multiple of 33?
False
Is 338 a factor of 131273?
False
Is 691890 a multiple of 